{"id":889,"date":"2024-09-16T13:54:47","date_gmt":"2024-09-16T11:54:47","guid":{"rendered":"https:\/\/comprasguitarramusicaymas.cloud\/?page_id=889"},"modified":"2024-09-18T11:09:11","modified_gmt":"2024-09-18T09:09:11","slug":"perdido-en-amor-poema-en-ebook-para-leer-y-cantar","status":"publish","type":"page","link":"https:\/\/comprasguitarramusicaymas.cloud\/index.php\/perdido-en-amor-poema-en-ebook-para-leer-y-cantar\/","title":{"rendered":"mini-EBook 8: Perdido en amor Poema en EBook para leer y cantar"},"content":{"rendered":"\n<p>mini-EBook 8: <mark style=\"background-color:rgba(0, 0, 0, 0)\" class=\"has-inline-color has-vivid-cyan-blue-color\">Perdido en amor<\/mark> <em><strong>Poema <\/strong><\/em>en <em><strong>EBook <\/strong><\/em>para <mark style=\"background-color:rgba(0, 0, 0, 0)\" class=\"has-inline-color has-vivid-purple-color\"><em><strong>leer <\/strong><\/em>y <em><strong>cantar<\/strong><\/em><\/mark><\/p>\n\n\n\n<p>As you know musicians loves music making it on indicated pitched on each one with indicated finger one hand and with the same indicated finger other!<\/p>\n\n\n\n<p>_____EBook How to be musicians and Music Principles attached of natural major pitched bass sounds.<\/p>\n\n\n\n<p>C\u00f3mo sabe usted los m\u00fasicos aman la m\u00fasica cre\u00e1ndola en su indicado sonido mayor menor en cada uno con el dedo indicado y con el mismo otro dedo indicado! _____ EBook c\u00f3mo ser m\u00fasicos y principios m\u00fasica de los sonidos adjuntos importantes naturales agudos y bajos<\/p>\n\n\n\n<p><em><strong><mark style=\"background-color:rgba(0, 0, 0, 0)\" class=\"has-inline-color has-vivid-cyan-blue-color\">EBook in english and spanish,<\/mark><\/strong><\/em><\/p>\n\n\n\n<p><em><strong><mark style=\"background-color:rgba(0, 0, 0, 0)\" class=\"has-inline-color has-vivid-purple-color\">Secure pays via PayPal<\/mark><\/strong><\/em><\/p>\n\n\n\n<p><a href=\"https:\/\/www.paypal.com\/ncp\/payment\/FCRQP7E79NYKE\">mini-EBook 8: Perdido en amor Poema en EBook para leer y cantar<\/a><\/p>\n\n\n\n<p><em><strong><mark style=\"background-color:rgba(0, 0, 0, 0)\" class=\"has-inline-color has-luminous-vivid-amber-color\">One payment <\/mark>for life $7.00<\/strong><\/em><\/p>\n\n\n\n<p><em><strong>Instant Access <\/strong><\/em>&#8211; <em><strong>Secure Payment <\/strong><\/em>Via <em><strong>PayPal<\/strong><\/em><\/p>\n\n\n\n<p><mark style=\"background-color:rgba(0, 0, 0, 0)\" class=\"has-inline-color has-vivid-cyan-blue-color\"><em><strong>One Time Fee<\/strong><\/em><\/mark> of Just <em><strong>$7.00<\/strong><\/em> <em><strong><mark style=\"background-color:rgba(0, 0, 0, 0);color:#209431\" class=\"has-inline-color\">Dlls.<\/mark><\/strong><\/em><\/p>\n\n\n\n<div class=\"wp-block-group is-layout-grid wp-container-core-group-is-layout-9649a0d9 wp-block-group-is-layout-grid\">\n<div class=\"wp-block-buttons is-layout-flex wp-block-buttons-is-layout-flex\">\n<div class=\"wp-block-button\"><a class=\"wp-block-button__link wp-element-button\" href=\"https:\/\/www.paypal.com\/ncp\/payment\/FCRQP7E79NYKE\"><em><strong>Purchase at just $7.00 <mark style=\"background-color:rgba(0, 0, 0, 0);color:#209431\" class=\"has-inline-color\">Dlls.<\/mark><\/strong><\/em><\/a><\/div>\n<\/div>\n<\/div>\n\n\n\n<p><em><strong><mark style=\"background-color:rgba(0, 0, 0, 0)\" class=\"has-inline-color has-vivid-cyan-blue-color\">EBook en ingles y espa\u00f1ol,<\/mark><\/strong><\/em><\/p>\n\n\n\n<p><em><strong><mark style=\"background-color:rgba(0, 0, 0, 0)\" class=\"has-inline-color has-vivid-purple-color\">Compras seguras via PayPal<\/mark><\/strong><\/em><\/p>\n\n\n\n<p><a href=\"https:\/\/www.paypal.com\/ncp\/payment\/FCRQP7E79NYKE\" target=\"_blank\" rel=\"noreferrer noopener\">mini-EBook 8: Perdido en amor Poema en EBook para leer y cantar<\/a><\/p>\n\n\n\n<p><em><strong>Acceso instant\u00e1neo<\/strong><\/em> &#8211; <em><strong>Pagos seguros <\/strong><\/em>por <strong><em>PayPal<\/em><\/strong><\/p>\n\n\n\n<p>A un solo <strong><em><mark style=\"background-color:rgba(0, 0, 0, 0)\" class=\"has-inline-color has-vivid-cyan-blue-color\">pago de por vida<\/mark><\/em><\/strong> de <em><strong>$7.00<\/strong><\/em> <em><strong><mark style=\"background-color:rgba(0, 0, 0, 0);color:#209431\" class=\"has-inline-color\">Dlls.<\/mark><\/strong><\/em><\/p>\n\n\n\n<div class=\"wp-block-group is-layout-grid wp-container-core-group-is-layout-9649a0d9 wp-block-group-is-layout-grid\">\n<div class=\"wp-block-buttons is-layout-flex wp-block-buttons-is-layout-flex\">\n<div class=\"wp-block-button\"><a class=\"wp-block-button__link wp-element-button\" href=\"https:\/\/www.paypal.com\/ncp\/payment\/FCRQP7E79NYKE\"><em><strong>Comprarlo a solo $7.00 <mark style=\"background-color:rgba(0, 0, 0, 0);color:#209431\" class=\"has-inline-color\">Dlls.<\/mark><\/strong><\/em><\/a><\/div>\n<\/div>\n<\/div>\n\n\n\n<p><\/p>\n\n\n\n<p>Perdido en amor Poema en EBook para leer y cantar<\/p>\n\n\n\n<p>Suscribe Here: This is what you get with this eBook:<\/p>\n\n\n\n<p>********* 2 pages In english and spanish eBook.<\/p>\n\n\n\n<p>********* Love poem to sing and read of it lost in love.<\/p>\n\n\n\n<p>********* In real time in real life.<\/p>\n\n\n\n<p>Suscr\u00edbete aqu\u00ed: Esto es lo que obtienes con este libro electr\u00f3nico:<\/p>\n\n\n\n<p>2 p\u00e1ginas En ingl\u00e9s y espa\u00f1ol eBook.<\/p>\n\n\n\n<p>Poema de amor para cantar y leer de \u00e9l perdido en el amor.<\/p>\n\n\n\n<p>En tiempo real en la vida real.<\/p>\n\n\n\n<p><\/p>\n\n\n\n<p><a href=\"https:\/\/www.paypal.com\/ncp\/payment\/FCRQP7E79NYKE\" target=\"_blank\" rel=\"noreferrer noopener\">mini-EBook 8: Perdido en amor Poema en EBook para leer y cantar<\/a><\/p>\n\n\n\n<p><em><strong>Instant Access <\/strong><\/em>&#8211; <em><strong>Secure Payment <\/strong><\/em>Via <em><strong>PayPal<\/strong><\/em><\/p>\n\n\n\n<p><mark style=\"background-color:rgba(0, 0, 0, 0)\" class=\"has-inline-color has-vivid-cyan-blue-color\"><em><strong>One Time Fee<\/strong><\/em> <\/mark>of Just <em><strong>$7.00<\/strong><\/em> <em><strong><mark style=\"background-color:rgba(0, 0, 0, 0);color:#209431\" class=\"has-inline-color\">Dlls.<\/mark><\/strong><\/em><\/p>\n\n\n\n<div class=\"wp-block-group is-layout-grid wp-container-core-group-is-layout-9649a0d9 wp-block-group-is-layout-grid\">\n<div class=\"wp-block-buttons is-layout-flex wp-block-buttons-is-layout-flex\">\n<div class=\"wp-block-button\"><a class=\"wp-block-button__link wp-element-button\" href=\"https:\/\/www.paypal.com\/ncp\/payment\/FCRQP7E79NYKE\">Purchase here: $7.00 <em><strong><mark style=\"background-color:rgba(0, 0, 0, 0);color:#209431\" class=\"has-inline-color\">Dlls.<\/mark><\/strong><\/em><\/a><\/div>\n<\/div>\n<\/div>\n\n\n\n<div class=\"wp-block-file\"><a id=\"wp-block-file--media-445b4270-81c2-475d-83e2-0dc07ef7f34f\" href=\"https:\/\/comprasguitarramusicaymas.cloud\/wp-content\/uploads\/2024\/09\/GMHS8-P8-PORTADA-HeForShe-Lost-In-Love-the-Love-Poem-copia.png\">GMHS8 P8 PORTADA #HeForShe Lost In Love the Love Poem &#8211; copia<\/a><a href=\"https:\/\/comprasguitarramusicaymas.cloud\/wp-content\/uploads\/2024\/09\/GMHS8-P8-PORTADA-HeForShe-Lost-In-Love-the-Love-Poem-copia.png\" class=\"wp-block-file__button wp-element-button\" download aria-describedby=\"wp-block-file--media-445b4270-81c2-475d-83e2-0dc07ef7f34f\">Download<\/a><\/div>\n\n\n\n<p><\/p>\n\n\n\n<p><a href=\"https:\/\/www.paypal.com\/ncp\/payment\/FCRQP7E79NYKE\" target=\"_blank\" rel=\"noreferrer noopener\">mini-EBook 8: Perdido en amor Poema en EBook para leer y cantar<\/a><\/p>\n\n\n\n<p><em><strong>Acceso instant\u00e1neo<\/strong><\/em> &#8211; <em><strong>Pagos seguros <\/strong><\/em>por <strong><em>PayPal<\/em><\/strong><\/p>\n\n\n\n<p>A un solo <em><strong><mark style=\"background-color:rgba(0, 0, 0, 0)\" class=\"has-inline-color has-vivid-cyan-blue-color\">pago de por vida<\/mark><\/strong><\/em> de <em><strong>$7.00<\/strong><\/em> <em><strong><mark style=\"background-color:rgba(0, 0, 0, 0);color:#209431\" class=\"has-inline-color\">Dlls.<\/mark><\/strong><\/em><\/p>\n\n\n\n<div class=\"wp-block-group is-layout-grid wp-container-core-group-is-layout-9649a0d9 wp-block-group-is-layout-grid\">\n<div class=\"wp-block-buttons is-layout-flex wp-block-buttons-is-layout-flex\">\n<div class=\"wp-block-button\"><a class=\"wp-block-button__link wp-element-button\" href=\"https:\/\/www.paypal.com\/ncp\/payment\/FCRQP7E79NYKE\">Comprarlo aqui: $7.00 <em><strong><mark style=\"background-color:rgba(0, 0, 0, 0);color:#209431\" class=\"has-inline-color\">Dlls.<\/mark><\/strong><\/em><\/a><\/div>\n<\/div>\n<\/div>\n\n\n\n<p><\/p>\n\n\n\n<p><em><strong><mark style=\"background-color:rgba(0, 0, 0, 0)\" class=\"has-inline-color has-luminous-vivid-amber-color\">TERMS AND CONDITIONS:<\/mark><\/strong><\/em><\/p>\n\n\n\n<p><em><strong>GENERAL Email:&nbsp;&nbsp;&nbsp;&nbsp;&nbsp;&nbsp;&nbsp;&nbsp;<\/strong><\/em>&nbsp;&nbsp;&nbsp;&nbsp;&nbsp;&nbsp;&nbsp;&nbsp;&nbsp;&nbsp;&nbsp;&nbsp; &nbsp;&nbsp;&nbsp;&nbsp;&nbsp;&nbsp;&nbsp;&nbsp;&nbsp;&nbsp;&nbsp;&nbsp;&nbsp;&nbsp; info@comprasguitarramusicaymas.com<\/p>\n\n\n\n<p>CONTACT<em><strong>\/SUPPORT Email:<\/strong><\/em>&nbsp;&nbsp; &nbsp;&nbsp;&nbsp;&nbsp;&nbsp;&nbsp;&nbsp;&nbsp;&nbsp;&nbsp;&nbsp;&nbsp;&nbsp;&nbsp; ayudaysoporte@comprasguitarramusicaymas.com<\/p>\n\n\n\n<p>Company <em><strong>Domain:&nbsp;&nbsp;&nbsp;&nbsp;&nbsp;&nbsp;&nbsp;&nbsp;&nbsp;&nbsp;&nbsp;&nbsp;&nbsp;&nbsp;&nbsp;<\/strong><\/em>&nbsp;<a href=\"https:\/\/comprasguitarramusicaymas.cloud\/\">Sistema de guitarra y m\u00fasica \u2013 empresa productora de mini EBooks que ense\u00f1an principios de musica y t\u00e9cnicas de guitarra; (comprasguitarramusicaymas.cloud)<\/a><\/p>\n\n\n\n<p><\/p>\n\n\n\n<p><em><strong>Visiten nuestro You tube: <\/strong><\/em><a href=\"https:\/\/studio.youtube.com\/channel\/UCjg-Ky8avprKhWH0aWG8BSA\/videos\/upload?filter=%5B%5D&amp;sort=%7B%22columnType%22%3A%22date%22%2C%22sortOrder%22%3A%22DESCENDING%22%7D\" target=\"_blank\" rel=\"noreferrer noopener\">https:\/\/studio.youtube.com\/channel\/UCjg-Ky8avprKhWH0aWG8BSA\/videos\/upload?filter=%5B%5D&amp;sort=%7B%22columnType%22%3A%22date%22%2C%22sortOrder%22%3A%22DESCENDING%22%7D<\/a><\/p>\n\n\n\n<p><em><strong>Visiten nuestros Face book: <\/strong><\/em><a href=\"https:\/\/www.facebook.com\/JoeRivoltra\/\" target=\"_blank\" rel=\"noreferrer noopener\">https:\/\/www.facebook.com\/JoeRivoltra\/<\/a><\/p>\n\n\n\n<p>&#8230;&#8230;&#8230;&#8230;&#8230;&#8230;&#8230;&#8230;&#8230;&#8230;&#8230;&#8230;&#8230;&#8230;&#8230;..<a href=\"https:\/\/www.facebook.com\/JoeRivBay\/\" target=\"_blank\" rel=\"noreferrer noopener\">https:\/\/www.facebook.com\/JoeRivBay\/<\/a><\/p>\n\n\n\n<p><em><strong>Visiten nuestros Twitters:<\/strong><\/em> <a href=\"https:\/\/twitter.com\/guitarmusichow2\" target=\"_blank\" rel=\"noreferrer noopener\">https:\/\/twitter.com\/guitarmusichow2<\/a><\/p>\n\n\n\n<p><em><strong>Visiten nuestro primer sitio: <\/strong><\/em><a href=\"https:\/\/guitarandmusicsystemproductone.es.tl\" target=\"_blank\" rel=\"noreferrer noopener\">https:\/\/guitarandmusicsystemproductone.es.tl<\/a><\/p>\n\n\n\n<p><\/p>\n\n\n\n<p><em><strong><mark style=\"background-color:rgba(0, 0, 0, 0)\" class=\"has-inline-color has-luminous-vivid-amber-color\">TERMINOS Y CONDICIONES:<\/mark><\/strong><\/em><\/p>\n\n\n\n<p><em>Email <strong><mark style=\"background-color:rgba(0, 0, 0, 0)\" class=\"has-inline-color has-orange-color\">GENERAL<\/mark><\/strong>:<\/em>&nbsp;&nbsp;&nbsp;&nbsp;&nbsp;&nbsp;&nbsp;&nbsp;&nbsp;&nbsp;&nbsp;&nbsp;&nbsp;&nbsp;&nbsp;&nbsp;&nbsp;&nbsp;&nbsp;&nbsp; &nbsp;&nbsp;&nbsp;&nbsp;&nbsp;&nbsp;&nbsp;&nbsp;&nbsp;&nbsp;&nbsp;&nbsp;&nbsp;&nbsp; <a href=\"mailto:info@comprasguitarramusicaymas.cloud\">info@comprasguitarramusicaymas.cloud<\/a><\/p>\n\n\n\n<p><em>Email <\/em><strong>CONTACTO<\/strong><em>\/<strong><mark style=\"background-color:rgba(0, 0, 0, 0)\" class=\"has-inline-color has-orange-color\">SOPORTE<\/mark><\/strong><\/em>:&nbsp;&nbsp; &nbsp;&nbsp;&nbsp;&nbsp;&nbsp;&nbsp;&nbsp;&nbsp;&nbsp;&nbsp;&nbsp;&nbsp;&nbsp;&nbsp; <a href=\"mailto:ayudaysoporte@comprasguitarramusicaymas.cloud\">ayudaysoporte@comprasguitarramusicaymas.cloud<\/a><\/p>\n\n\n\n<p><em>Dominio <strong><mark style=\"background-color:rgba(0, 0, 0, 0)\" class=\"has-inline-color has-orange-color\">Compa\u00f1\u00eda<\/mark><\/strong><\/em>:&nbsp;&nbsp;&nbsp;&nbsp;&nbsp;&nbsp;&nbsp;&nbsp;&nbsp;&nbsp;&nbsp;&nbsp;&nbsp;&nbsp;&nbsp;&nbsp; &nbsp;&nbsp;&nbsp;&nbsp;&nbsp;&nbsp;&nbsp;&nbsp;&nbsp;&nbsp;&nbsp;&nbsp;&nbsp;&nbsp; <a href=\"https:\/\/guitarandmusicsystemproductone.es.tl\">https:\/\/guitarandmusicsystemproductone.es.tl<\/a><\/p>\n\n\n\n<p><\/p>\n\n\n\n<p><mark style=\"background-color:rgba(0, 0, 0, 0)\" class=\"has-inline-color has-vivid-cyan-blue-color\">\u00a1\u00a1<em><strong>Si\u00e9ntanse bi\u00e9n y agusto;<\/strong><\/em><\/mark><\/p>\n\n\n\n<p><em><strong>XK est\u00e1n seguros y protegidos con nosotros <\/strong><\/em>en nuestro(S) sitio(S) Web!!<\/p>\n\n\n\n<p><em><strong><mark style=\"background-color:rgba(0, 0, 0, 0)\" class=\"has-inline-color has-vivid-cyan-blue-color\">ESET <\/mark>mero <\/strong><\/em><mark style=\"background-color:rgba(0, 0, 0, 0)\" class=\"has-inline-color has-vivid-cyan-blue-color\">nos protege<\/mark> y<\/p>\n\n\n\n<p><em><strong>Y <mark style=\"background-color:rgba(0, 0, 0, 0)\" class=\"has-inline-color has-vivid-cyan-blue-color\">los protege<\/mark>:<\/strong><\/em><\/p>\n\n\n\n<p><a href=\"https:\/\/www.eset.com\/mx\/\" target=\"_blank\" rel=\"noreferrer noopener\">https:\/\/www.eset.com\/mx\/<\/a> \u00a1\u00a1<mark style=\"background-color:rgba(0, 0, 0, 0)\" class=\"has-inline-color has-luminous-vivid-amber-color\"><em><strong>Pru\u00e9benlo<\/strong><\/em> <\/mark>y <em><strong><mark style=\"background-color:rgba(0, 0, 0, 0)\" class=\"has-inline-color has-luminous-vivid-amber-color\">compru\u00e9benlo<\/mark><\/strong><\/em>!! \u00a1\u00a1<mark style=\"background-color:rgba(0, 0, 0, 0)\" class=\"has-inline-color has-vivid-cyan-blue-color\"><em><strong>Pru\u00e9benlo <\/strong><\/em>y lo <em><strong>comprobar\u00e1n<\/strong><\/em><\/mark>!!<\/p>\n\n\n\n<p><em><strong>A <mark style=\"background-color:rgba(0, 0, 0, 0)\" class=\"has-inline-color has-vivid-cyan-blue-color\">ESET <\/mark>mero: <\/strong><\/em><a href=\"https:\/\/www.eset.com\/mx\/\" target=\"_blank\" rel=\"noreferrer noopener\">https:\/\/www.eset.com\/mx\/<\/a><\/p>\n","protected":false},"excerpt":{"rendered":"<p>mini-EBook 8: Perdido en amor Poema en EBook para leer y cantar As you know musicians loves music making it on indicated pitched on each one with indicated finger one hand and with the same indicated finger other! _____EBook How to be musicians and Music Principles attached of natural major pitched bass sounds. C\u00f3mo sabe [&hellip;]<\/p>\n","protected":false},"author":1,"featured_media":0,"parent":0,"menu_order":0,"comment_status":"closed","ping_status":"closed","template":"","meta":{"_seopress_robots_primary_cat":"","_seopress_titles_title":"","_seopress_titles_desc":"","_seopress_robots_index":"","_eb_attr":"","footnotes":""},"class_list":["post-889","page","type-page","status-publish","hentry"],"_links":{"self":[{"href":"https:\/\/comprasguitarramusicaymas.cloud\/index.php\/wp-json\/wp\/v2\/pages\/889","targetHints":{"allow":["GET"]}}],"collection":[{"href":"https:\/\/comprasguitarramusicaymas.cloud\/index.php\/wp-json\/wp\/v2\/pages"}],"about":[{"href":"https:\/\/comprasguitarramusicaymas.cloud\/index.php\/wp-json\/wp\/v2\/types\/page"}],"author":[{"embeddable":true,"href":"https:\/\/comprasguitarramusicaymas.cloud\/index.php\/wp-json\/wp\/v2\/users\/1"}],"replies":[{"embeddable":true,"href":"https:\/\/comprasguitarramusicaymas.cloud\/index.php\/wp-json\/wp\/v2\/comments?post=889"}],"version-history":[{"count":8,"href":"https:\/\/comprasguitarramusicaymas.cloud\/index.php\/wp-json\/wp\/v2\/pages\/889\/revisions"}],"predecessor-version":[{"id":949,"href":"https:\/\/comprasguitarramusicaymas.cloud\/index.php\/wp-json\/wp\/v2\/pages\/889\/revisions\/949"}],"wp:attachment":[{"href":"https:\/\/comprasguitarramusicaymas.cloud\/index.php\/wp-json\/wp\/v2\/media?parent=889"}],"curies":[{"name":"wp","href":"https:\/\/api.w.org\/{rel}","templated":true}]}}