{"id":22,"date":"2024-02-16T11:55:08","date_gmt":"2024-02-16T10:55:08","guid":{"rendered":"https:\/\/comprasguitarramusicaymas.cloud\/?page_id=22"},"modified":"2024-09-18T00:50:00","modified_gmt":"2024-09-17T22:50:00","slug":"tecnicas-iniciales-del-uni-requinto","status":"publish","type":"page","link":"https:\/\/comprasguitarramusicaymas.cloud\/index.php\/tecnicas-iniciales-del-uni-requinto\/","title":{"rendered":"mini-EBook 2: T\u00e9cnicas iniciales del uni-requinto;"},"content":{"rendered":"\n<p>Esto es lo que obtienes&nbsp;con este&nbsp;libro&nbsp;electr\u00f3nico:<\/p>\n\n\n\n<p><em><strong>sin tanto rollo <\/strong><\/em>A <em><strong><mark style=\"background-color:rgba(0, 0, 0, 0);color:#3d06be\" class=\"has-inline-color\">UN SOLO PAGO DE POR VIDA<\/mark> paso a paso<\/strong><\/em>:<\/p>\n\n\n\n<p><em><strong><mark style=\"background-color:rgba(0, 0, 0, 0);color:#0b15f4\" class=\"has-inline-color\">mini-EBook 2<\/mark>: <\/strong><\/em>sin tanto rollo de:<\/p>\n\n\n\n<p>Las <em><strong><mark style=\"background-color:rgba(0, 0, 0, 0)\" class=\"has-inline-color has-primary-color\">T\u00e9cnicas iniciales<\/mark><\/strong><\/em> del <em><strong><mark style=\"background-color:rgba(0, 0, 0, 0);color:#120df2\" class=\"has-inline-color\">uni-requinto<\/mark> <\/strong><\/em>en todo el <em><strong><mark style=\"background-color:rgba(0, 0, 0, 0)\" class=\"has-inline-color has-orange-color\">diapas\u00f3n de la guitarra<\/mark><\/strong><\/em>;<\/p>\n\n\n\n<p><em><strong><mark style=\"background-color:rgba(0, 0, 0, 0)\" class=\"has-inline-color has-orange-color\">Cuerda  <\/mark><\/strong><\/em>por cuerda; <em><strong><mark style=\"background-color:rgba(0, 0, 0, 0)\" class=\"has-inline-color has-orange-color\">Traste <\/mark><\/strong><\/em>por traste,<\/p>\n\n\n\n<p><\/p>\n\n\n\n<figure class=\"wp-block-gallery has-nested-images columns-default is-cropped wp-block-gallery-1 is-layout-flex wp-block-gallery-is-layout-flex\">\n<figure class=\"wp-block-image size-full\"><img loading=\"lazy\" decoding=\"async\" width=\"74\" height=\"50\" data-id=\"243\" src=\"https:\/\/comprasguitarramusicaymas.cloud\/wp-content\/uploads\/2024\/03\/VR1-GMHS4-P4-74-X-50-Pixels-ESTE-AMAZON-Kickstarter-Pinterest-Wix-Ibanez-Accoustic-Guitars-Godaddy-de-900-Pixeles.jpg\" alt=\"channel, studio, canal, estudio\" class=\"wp-image-243\"\/><figcaption class=\"wp-element-caption\">entrar para obtener productos y acceso gratuito a los 4 web sites siempre de los siempres y\/\u00f3 de por vida<\/figcaption><\/figure>\n<\/figure>\n\n\n\n<p class=\"has-text-align-center\"><em><strong>initial starter <mark style=\"background-color:rgba(0, 0, 0, 0);color:#250ecb\" class=\"has-inline-color\">uni-requinto techniques<\/mark><\/strong><\/em><\/p>\n\n\n\n<p><em><strong><mark>EBook&nbsp;<\/mark><\/strong><\/em>sin tanto rollo de:<\/p>\n\n\n\n<p>Como de tres <em><strong>distintas<\/strong><\/em> formas <em><strong>iniciar <\/strong><\/em>y <em><strong>desplazar las yemas <\/strong><\/em>de los dedos en todo el <em><strong>diapason <\/strong><\/em>y <em><strong>cuerpo de la guitrra PARA AGUILIZARLAS <\/strong><\/em>cuerda por cuerda traste por traste,<\/p>\n\n\n\n<p><em><strong><mark style=\"background-color:rgba(0, 0, 0, 0)\" class=\"has-inline-color has-vivid-cyan-blue-color\">EBook actualizable SIN COSTO ALGUNO LA ACTUALIZACI\u00d3N desde aqu\u00ed su Web site,<\/mark><\/strong><\/em><\/p>\n\n\n\n<p>para <em><strong>conocer y entender mas f\u00e1cil<\/strong><\/em> nuestro <em><strong><mark style=\"background-color:rgba(0, 0, 0, 0);color:#1a0fda\" class=\"has-inline-color\">EBook<\/mark><\/strong><\/em> de <em><strong>m\u00fasica<\/strong><\/em> y <em><strong>guitarra<\/strong><\/em>:<\/p>\n\n\n\n<p><strong><em>*********&nbsp;<\/em><\/strong>28 p\u00e1ginas de&nbsp;<strong><em>principios de M\u00fasica y unos circuitos de Requintos&nbsp;<\/em><\/strong>en la Guitarra naturales mayores principales en Ingl\u00e9s y Espa\u00f1ol.<\/p>\n\n\n\n<p><em><strong>*********&nbsp;<\/strong><\/em>9 Circuitos en grupo de c\u00f3mo hacer un&nbsp;<em><strong>recorrido por el diapas\u00f3n de los tonos&nbsp;<\/strong><\/em>principales naturales mayores en los trastes.<\/p>\n\n\n\n<p><em><strong>*********&nbsp;<\/strong><\/em>M\u00ednimo simple&nbsp;<em><strong>paso a paso de cada grupo&nbsp;<\/strong><\/em>principal.<\/p>\n\n\n\n<p><a href=\"https:\/\/www.paypal.com\/ncp\/payment\/VPSQQX57MHMXC\" target=\"_blank\" rel=\"noreferrer noopener\"><em><strong>Pago seguro a travez de PayPal<\/strong><\/em><\/a><\/p>\n\n\n\n<p><em><strong>Un solo pago<\/strong><\/em> de por <em><strong>vida $ <mark style=\"background-color:rgba(0, 0, 0, 0);color:#3312a0\" class=\"has-inline-color\">27.00<\/mark><\/strong><\/em> <em><strong><mark style=\"background-color:rgba(0, 0, 0, 0);color:#209431\" class=\"has-inline-color\">Dlls.<\/mark><\/strong><\/em><\/p>\n\n\n\n<div class=\"wp-block-group is-layout-grid wp-container-core-group-is-layout-9649a0d9 wp-block-group-is-layout-grid\">\n<div class=\"wp-block-buttons alignwide is-content-justification-center is-layout-flex wp-container-core-buttons-is-layout-14c487f4 wp-block-buttons-is-layout-flex\">\n<div class=\"wp-block-button is-style-fill\"><a class=\"wp-block-button__link wp-element-button\" href=\"https:\/\/www.paypal.com\/ncp\/payment\/VPSQQX57MHMXC\" target=\"_blank\" rel=\"noreferrer noopener\"><em><strong>Purchase <\/strong><\/em>here: $ 27.00 <em><strong><mark style=\"background-color:rgba(0, 0, 0, 0);color:#209431\" class=\"has-inline-color\">Dlls.<\/mark><\/strong><\/em><\/a><\/div>\n<\/div>\n<\/div>\n\n\n\n<p><a href=\"https:\/\/www.paypal.com\/ncp\/payment\/VPSQQX57MHMXC\" target=\"_blank\" rel=\"noreferrer noopener\"><em><strong>Pago seguro a travez de PayPal<\/strong><\/em><\/a><\/p>\n\n\n\n<p><\/p>\n\n\n\n<p><em><strong><mark style=\"background-color:rgba(0, 0, 0, 0);color:#db7b07\" class=\"has-inline-color\">CORDIALMENTE BIENVENIDOS<\/mark><\/strong><\/em><\/p>\n\n\n\n<p><em><strong>Visiten nuestro You tube: <\/strong><\/em><a href=\"https:\/\/studio.youtube.com\/channel\/UCjg-Ky8avprKhWH0aWG8BSA\/videos\/upload?filter=%5B%5D&amp;sort=%7B%22columnType%22%3A%22date%22%2C%22sortOrder%22%3A%22DESCENDING%22%7D\" target=\"_blank\" rel=\"noreferrer noopener\">https:\/\/studio.youtube.com\/channel\/UCjg-Ky8avprKhWH0aWG8BSA\/videos\/upload?filter=%5B%5D&amp;sort=%7B%22columnType%22%3A%22date%22%2C%22sortOrder%22%3A%22DESCENDING%22%7D<\/a><\/p>\n\n\n\n<p><em><strong>Visiten nuestros Face book: <\/strong><\/em><a href=\"https:\/\/www.facebook.com\/JoeRivoltra\/\" target=\"_blank\" rel=\"noreferrer noopener\">https:\/\/www.facebook.com\/JoeRivoltra\/<\/a><\/p>\n\n\n\n<p>&#8230;&#8230;&#8230;&#8230;&#8230;&#8230;&#8230;&#8230;&#8230;&#8230;&#8230;&#8230;&#8230;&#8230;&#8230;..<a href=\"https:\/\/www.facebook.com\/JoeRivBay\/\" target=\"_blank\" rel=\"noreferrer noopener\">https:\/\/www.facebook.com\/JoeRivBay\/<\/a><\/p>\n\n\n\n<p><em><strong>Visiten nuestros Twitters:<\/strong><\/em> <a href=\"https:\/\/twitter.com\/guitarmusichow2\" target=\"_blank\" rel=\"noreferrer noopener\">https:\/\/twitter.com\/guitarmusichow2<\/a><\/p>\n\n\n\n<p><em><strong>Visiten nuestro primer sitio: <\/strong><\/em><a href=\"https:\/\/guitarandmusicsystemproductone.es.tl\" target=\"_blank\" rel=\"noreferrer noopener\">https:\/\/guitarandmusicsystemproductone.es.tl<\/a><\/p>\n\n\n\n<p><\/p>\n\n\n\n<p><em><strong><mark style=\"background-color:rgba(0, 0, 0, 0)\" class=\"has-inline-color has-primary-color\">TERMINOS Y CONDICIONES:<\/mark><\/strong><\/em><\/p>\n\n\n\n<p><em>Email <strong><mark style=\"background-color:rgba(0, 0, 0, 0)\" class=\"has-inline-color has-orange-color\">GENERAL<\/mark><\/strong>:<\/em>&nbsp;&nbsp;&nbsp;&nbsp;&nbsp;&nbsp;&nbsp;&nbsp;&nbsp;&nbsp;&nbsp;&nbsp;&nbsp;&nbsp;&nbsp;&nbsp;&nbsp;&nbsp;&nbsp;&nbsp; &nbsp;&nbsp;&nbsp;&nbsp;&nbsp;&nbsp;&nbsp;&nbsp;&nbsp;&nbsp;&nbsp;&nbsp;&nbsp;&nbsp; <a href=\"mailto:info@comprasguitarramusicaymas.cloud\">info@comprasguitarramusicaymas.cloud<\/a><\/p>\n\n\n\n<p><em>Email CONTACTO\/<strong><mark style=\"background-color:rgba(0, 0, 0, 0)\" class=\"has-inline-color has-orange-color\">SOPORTE<\/mark><\/strong><\/em>:&nbsp;&nbsp; &nbsp;&nbsp;&nbsp;&nbsp;&nbsp;&nbsp;&nbsp;&nbsp;&nbsp;&nbsp;&nbsp;&nbsp;&nbsp;&nbsp; <a href=\"mailto:ayudaysoporte@comprasguitarramusicaymas.cloud\">ayudaysoporte@comprasguitarramusicaymas.cloud<\/a><\/p>\n\n\n\n<p><em>Dominio <strong><mark style=\"background-color:rgba(0, 0, 0, 0)\" class=\"has-inline-color has-orange-color\">Compa\u00f1\u00eda<\/mark><\/strong><\/em>:&nbsp;&nbsp;&nbsp;&nbsp;&nbsp;&nbsp;&nbsp;&nbsp;&nbsp;&nbsp;&nbsp;&nbsp;&nbsp;&nbsp;&nbsp;&nbsp; &nbsp;&nbsp;&nbsp;&nbsp;&nbsp;&nbsp;&nbsp;&nbsp;&nbsp;&nbsp;&nbsp;&nbsp;&nbsp;&nbsp; <a href=\"https:\/\/guitarandmusicsystemproductone.es.tl\">https:\/\/guitarandmusicsystemproductone.es.tl<\/a><\/p>\n\n\n\n<p><\/p>\n\n\n\n<p>\u00a1\u00a1<em><strong>Si\u00e9ntanse bi\u00e9n y agusto;<\/strong><\/em><\/p>\n\n\n\n<p><em><strong>XK est\u00e1n seguros y protejidos con nosotros <\/strong><\/em>en nuestro(S) sitio(S) Web!!<\/p>\n\n\n\n<p><em><strong>ESET mero <\/strong><\/em>nos proteje y<\/p>\n\n\n\n<p><em><strong>Y los proteje:<\/strong><\/em><\/p>\n\n\n\n<p><a href=\"https:\/\/www.eset.com\/mx\/\" target=\"_blank\" rel=\"noreferrer noopener\">https:\/\/www.eset.com\/mx\/<\/a> \u00a1\u00a1<em><strong>Pru\u00e9benlo<\/strong><\/em> y <em><strong>compru\u00e9benlo<\/strong><\/em>!! \u00a1\u00a1<em><strong>Pru\u00e9benlo <\/strong><\/em>y lo <em><strong>comprobar\u00e1n<\/strong><\/em>!!<\/p>\n\n\n\n<p><em><strong>A ESET mero: <\/strong><\/em><a href=\"https:\/\/www.eset.com\/mx\/\" target=\"_blank\" rel=\"noreferrer noopener\">https:\/\/www.eset.com\/mx\/<\/a><\/p>\n\n\n\n<p><\/p>\n","protected":false},"excerpt":{"rendered":"<p>Esto es lo que obtienes&nbsp;con este&nbsp;libro&nbsp;electr\u00f3nico: sin tanto rollo A UN SOLO PAGO DE POR VIDA paso a paso: mini-EBook 2: sin tanto rollo de: Las T\u00e9cnicas iniciales del uni-requinto en todo el diapas\u00f3n de la guitarra; Cuerda por cuerda; Traste por traste, initial starter uni-requinto techniques EBook&nbsp;sin tanto rollo de: Como de tres distintas [&hellip;]<\/p>\n","protected":false},"author":1,"featured_media":20,"parent":0,"menu_order":0,"comment_status":"closed","ping_status":"closed","template":"","meta":{"_seopress_robots_primary_cat":"","_seopress_titles_title":"","_seopress_titles_desc":"","_seopress_robots_index":"","_eb_attr":"","footnotes":""},"class_list":["post-22","page","type-page","status-publish","has-post-thumbnail","hentry"],"_links":{"self":[{"href":"https:\/\/comprasguitarramusicaymas.cloud\/index.php\/wp-json\/wp\/v2\/pages\/22","targetHints":{"allow":["GET"]}}],"collection":[{"href":"https:\/\/comprasguitarramusicaymas.cloud\/index.php\/wp-json\/wp\/v2\/pages"}],"about":[{"href":"https:\/\/comprasguitarramusicaymas.cloud\/index.php\/wp-json\/wp\/v2\/types\/page"}],"author":[{"embeddable":true,"href":"https:\/\/comprasguitarramusicaymas.cloud\/index.php\/wp-json\/wp\/v2\/users\/1"}],"replies":[{"embeddable":true,"href":"https:\/\/comprasguitarramusicaymas.cloud\/index.php\/wp-json\/wp\/v2\/comments?post=22"}],"version-history":[{"count":12,"href":"https:\/\/comprasguitarramusicaymas.cloud\/index.php\/wp-json\/wp\/v2\/pages\/22\/revisions"}],"predecessor-version":[{"id":931,"href":"https:\/\/comprasguitarramusicaymas.cloud\/index.php\/wp-json\/wp\/v2\/pages\/22\/revisions\/931"}],"wp:featuredmedia":[{"embeddable":true,"href":"https:\/\/comprasguitarramusicaymas.cloud\/index.php\/wp-json\/wp\/v2\/media\/20"}],"wp:attachment":[{"href":"https:\/\/comprasguitarramusicaymas.cloud\/index.php\/wp-json\/wp\/v2\/media?parent=22"}],"curies":[{"name":"wp","href":"https:\/\/api.w.org\/{rel}","templated":true}]}}