{"id":19,"date":"2024-02-16T11:51:50","date_gmt":"2024-02-16T10:51:50","guid":{"rendered":"https:\/\/comprasguitarramusicaymas.cloud\/?page_id=19"},"modified":"2024-09-18T00:39:24","modified_gmt":"2024-09-17T22:39:24","slug":"principios-musicales-y-tecnicas-del-uni-requinto-de-guitarra","status":"publish","type":"page","link":"https:\/\/comprasguitarramusicaymas.cloud\/index.php\/principios-musicales-y-tecnicas-del-uni-requinto-de-guitarra\/","title":{"rendered":"EBooK 1: Principios de m\u00fasica y t\u00e9cnicas del uni-requinto de guitarra con todos los dedos de las manos"},"content":{"rendered":"\n<p><em><strong><mark style=\"background-color:rgba(0, 0, 0, 0);color:#2611f2\" class=\"has-inline-color\">EBook <\/mark><\/strong><\/em>sin tanto rollo de:<\/p>\n\n\n\n<p>Principios <strong><em>musicales <\/em><\/strong>y <em><strong>t\u00e9cnicas <\/strong><\/em>del uni-requinto de guitarra con todos los <mark style=\"background-color:rgba(0, 0, 0, 0)\" class=\"has-inline-color has-orange-color\"><strong><em>recorridos <\/em><\/strong><\/mark><em><strong><mark style=\"background-color:rgba(0, 0, 0, 0)\" class=\"has-inline-color has-orange-color\">de los tonos <\/mark><\/strong><\/em>naturales mayores en el <em><strong>diapas\u00f3n <\/strong><\/em>de la <em><strong>guitarra<\/strong><\/em>.<\/p>\n\n\n\n<p><\/p>\n\n\n\n<div class=\"wp-block-group is-layout-grid wp-container-core-group-is-layout-9649a0d9 wp-block-group-is-layout-grid\">\n<div class=\"wp-block-buttons is-layout-flex wp-block-buttons-is-layout-flex\">\n<div class=\"wp-block-button\"><a class=\"wp-block-button__link wp-element-button\" href=\"https:\/\/www.paypal.com\/ncp\/payment\/ABNVB8EBHS7QW\">Purchase here at $54.00 <em><strong><mark style=\"background-color:rgba(0, 0, 0, 0);color:#0b7605\" class=\"has-inline-color\">Dlls.<\/mark><\/strong><\/em><\/a><\/div>\n<\/div>\n<\/div>\n\n\n\n<p><a href=\"https:\/\/www.paypal.com\/ncp\/payment\/ABNVB8EBHS7QW\" target=\"_blank\" rel=\"noreferrer noopener\"><em><strong>Pago seguro a travez de PayPal<\/strong><\/em><\/a><\/p>\n\n\n\n<p><\/p>\n\n\n\n<p> <p class=\"MsoNormal\" style=\"margin:0cm;background:#FDFDFD\"><span lang=\"ES\" style=\"font-size:10.5pt;font-family:&quot;Segoe UI&quot;,sans-serif;mso-fareast-font-family:\n&quot;Times New Roman&quot;;color:black;mso-color-alt:windowtext;mso-ansi-language:ES;\nmso-fareast-language:ES-MX\"><em><strong>Esto es lo que obtienes<\/strong><\/em> con este <span style=\"background:#D4D4D4\">libro<\/span> <span style=\"background:#D4D4D4\">electr\u00f3nico<\/span><\/span>:<span lang=\"ES\" style=\"font-size:10.5pt;font-family:&quot;Segoe UI&quot;,sans-serif;mso-fareast-font-family:\n&quot;Times New Roman&quot;;mso-ansi-language:ES;mso-fareast-language:ES-MX\"><\/span><\/p><strong><em>********* <\/em><\/strong>28 p\u00e1ginas de <strong><em>principios de M\u00fasica y unos circuitos de Requintos <\/em><\/strong>en la Guitarra naturales mayores principales en Ingl\u00e9s y Espa\u00f1ol. <\/p>\n\n\n\n<p><em><strong>********* <\/strong><\/em>9 Circuitos en grupo de c\u00f3mo hacer un <em><strong>recorrido por el diapas\u00f3n de los tonos <\/strong><\/em>principales naturales mayores en los trastes.<\/p>\n\n\n\n<p><em><strong>********* <\/strong><\/em>M\u00ednimo simple <em><strong>paso a paso de cada grupo <\/strong><\/em>principal.<\/p>\n\n\n\n<p><\/p>\n\n\n\n<p><a href=\"https:\/\/www.paypal.com\/ncp\/payment\/ABNVB8EBHS7QW\" target=\"_blank\" rel=\"noreferrer noopener\"><em><strong>Pago seguro a travez de PayPal<\/strong><\/em><\/a><\/p>\n\n\n\n<p><mark style=\"background-color:rgba(0, 0, 0, 0)\" class=\"has-inline-color has-primary-color\">Un solo pago de por vida <em><strong>$<\/strong><\/em><\/mark><em><strong><mark style=\"background-color:rgba(0, 0, 0, 0);color:#0b38dd\" class=\"has-inline-color\">54.00<\/mark><\/strong><\/em> <em><strong><mark style=\"background-color:rgba(0, 0, 0, 0);color:#209431\" class=\"has-inline-color\">Dlls.<\/mark><\/strong><\/em><\/p>\n\n\n\n<div class=\"wp-block-group is-layout-grid wp-container-core-group-is-layout-9649a0d9 wp-block-group-is-layout-grid\">\n<div class=\"wp-block-buttons is-layout-flex wp-block-buttons-is-layout-flex\">\n<div class=\"wp-block-button is-style-fill\"><a class=\"wp-block-button__link has-text-align-center wp-element-button\" href=\"https:\/\/www.paypal.com\/ncp\/payment\/ABNVB8EBHS7QW\" target=\"_blank\" rel=\"noreferrer noopener\">Purchase here $54.00 <em><strong><mark style=\"background-color:rgba(0, 0, 0, 0);color:#209431\" class=\"has-inline-color\">Dlls.<\/mark><\/strong><\/em><\/a><\/div>\n<\/div>\n<\/div>\n\n\n\n<figure class=\"wp-block-embed is-type-rich is-provider-embed-handler wp-block-embed-embed-handler\"><div class=\"wp-block-embed__wrapper\">\nhttps:\/\/youtube.com\/watch?v=ZNzSW6YThq8\n<\/div><\/figure>\n\n\n\n<p><a href=\"https:\/\/www.paypal.com\/ncp\/payment\/ABNVB8EBHS7QW\" target=\"_blank\" rel=\"noreferrer noopener\"><em><strong>Pago seguro a travez de PayPal<\/strong><\/em><\/a><\/p>\n\n\n\n<p><\/p>\n\n\n\n<p><strong><em>M\u00fasica Guitarra y Requinto<\/em><\/strong><\/p>\n\n\n\n<h6 class=\"wp-block-heading\">Principios de m\u00fasica y Requinto de los Tonos Mayores Sonidos Naturales el EBook<\/h6>\n\n\n\n<p>Porque Tocar en la guitarra \u00f3 requinto el requinto de los Tonos sonidos Naturales Mayores con los cinco dedos indicados de ambas manos en las 6 cuerdas por el cuerpo de la guitarra y en las 5 cuerdas y trastes en los que est\u00e1 dividido el diapas\u00f3n externo \u00e9 interno es emitir sonidos placenteros de una manera sincronizada y mejor para el o\u00eddo humano que hace m\u00e1s sencillo y menos estresante el tocar la guitarra ya que es m\u00e1s f\u00e1cil de tocarla y con ello se emite un sonido m\u00e1s sincronizado, sonoro y suave para la audici\u00f3n.<\/p>\n\n\n\n<p>Que Requinto es el sonar y accionar las cuerdas individualmente o seriamente en secuencias agudas y bajos grabes agudos veloces. Existen la guitarra popular, guitarra el\u00e9ctrica y Requinto. Requinto son una mini guitarra peque\u00f1a que emite sonidos m\u00e1s agudos que la guitarra popular y sonidos bajos m\u00e1s agudos tambi\u00e9n y se puede tocar el requinto en ambas guitarras tambi\u00e9n es por esto que inicio este EBook con la frase o enunciado: Tocar en la guitarra (popular) o requinto el requinto\u2026 \u2026 \u2026<\/p>\n\n\n\n<p>En este EBook \/ Audio \/ Video Vas a aprender:<\/p>\n\n\n\n<p>28 paginas de m\u00fasica y el recorrido del requinto de los Tonos Mayores Sonidos Naturales por el diapas\u00f3n externo \u00e9 interno de la Guitarra y Requinto EBook en ingl\u00e9s y espa\u00f1ol. Nueve grupos de How to es el recorrido del Requinto de los Tonos Mayores Sonidos Naturales por el diapas\u00f3n externo \u00e9 interno de la Guitarra. Con un m\u00ednimo simple Procedimiento del recorrido Paso a paso de cada grupo de Tonos Mayores Sonidos Naturales en el diapas\u00f3n de la Guitarra y Requinto.<\/p>\n\n\n\n<p>Son&nbsp; principios de m\u00fasica y aprender\u00e1s How to un recorrido de cinco requintos individuales y cuatro adjuntos uno por uno seriados en la guitarra \u00f3 requinto en sus cuerdas plasm\u00e1ndolas una por una secuencial y serial mente sobre los trastes del diapas\u00f3n externo \u00e9 interno como tambi\u00e9n accion\u00e1ndose las cuerdas en el cuerpo de la guitarra con cada uno de los cinco dedos indicados un requinto individual seriado en todo el diapas\u00f3n de la guitarra con los cinco indicados dedos de ambas manos para cada cuerda.<\/p>\n\n\n\n<p>Como Primeramente aprender\u00e1s los principios de m\u00fasica y c\u00f3mo funciona la guitarra posteriormente seguir\u00e1s con el M\u00e9todo practico de c\u00f3mo tocar cada una de las cuerdas con los cinco dedos de ambas manos y como est\u00e1n formados los 7 Tonos Mayores Sonidos Naturales y sus tonos sostenidos Cuales Tonos no tienen Tonos sostenidos y su funci\u00f3n.<\/p>\n\n\n\n<p>Iniciando con los principios de m\u00fasica y c\u00f3mo funciona la guitarra seguir\u00e1s con el M\u00e9todo pr\u00e1ctico de c\u00f3mo tocar cada una de las cuerdas con los cinco dedos de ambas manos y como est\u00e1n formados los 7 Tonos Mayores Sonidos Naturales y sus tonos sostenidos por ultimo como conceptos veras cuales Tonos no tienen Tonos sostenidos para posteriormente al final del EBook pasar a lo pr\u00e1ctico y tocar el recorrido de los Tonos Mayores Sonidos Naturales en la guitarra paso a paso; en simples pasos con cada uno de los indicados cinco dedos de ambas manos. Y va a ser tocando el recorrido en la guitarra \u00f3 requinto cuerda por cuerda traste por traste brincando trastes iniciando desde la primera cuerda en un indicado traste y continuando a la segunda cuerda, posteriormente a la tercera cuerda Traste por Traste, Tono Mayor Sonido Natural por cada Tono Mayor Sonidos Natural para posteriormente pasar a la Cuarta cuerda, Quinta cuerda y Sexta cuerda para volver a la primera cuerda; cuerda por cuerda tambi\u00e9n por el mismo \u00fa otro recorrido en circuitos medios o para realizar un circuito total del recorrido completo en todo el diapas\u00f3n.<\/p>\n\n\n\n<p>Ejemplos Elrecorrido completo est\u00e1 compuesto deCinco recorridos y cuatro recorridos adjuntos o partes individuales mixtas son de las que est\u00e1n formados los tonos Mayores sonidos Naturales en el diapas\u00f3n externo \u00e9 interno de la guitarra.<\/p>\n\n\n\n<p>Cuerda por cuerda \/ Traste por Traste y cuatro recorridos adjuntos que veremos en este EBook. El recorrido tiene un inicio indicado en el traste doce en la primera cuerda para posteriormente subir en el diapas\u00f3n y se baja hasta el tercer traste de la sexta cuerda tres veces y por ultimo&nbsp; m\u00e1s abajo en el segundo traste de la quinta cuerda otras tres veces tambi\u00e9n con en la sexta cuerda alternando en zigzag hacia la segunda cuerda por el diapas\u00f3n de la guitarra para posteriormente volver hacia el doceavo traste entre las primeras tres cuerdas traste por traste brincando trastes. Tambi\u00e9n se puede subir por la cuarta y quinta cuerda desde el s\u00e9ptimo traste cuarta cuerda para iniciar a realizar un circuito desde el quinto traste y volver a realizar el zigzag que se realiza en la quinta y sexta cuerdas anteriores. Regalo Como regalo te obsequiaremos el EBook Musicians and Music How to the EBook t\u00e9cnicas con principios de m\u00fasica, como se tocan los instrumentos musicales que hay en la realidad que m\u00fasicos existen y poco de c\u00f3mo se pueden tocar los instrumentos musicales.<\/p>\n\n\n\n<p><\/p>\n\n\n\n<p><em><strong>Visiten nuestro You tube: <\/strong><\/em><a href=\"https:\/\/studio.youtube.com\/channel\/UCjg-Ky8avprKhWH0aWG8BSA\/videos\/upload?filter=%5B%5D&amp;sort=%7B%22columnType%22%3A%22date%22%2C%22sortOrder%22%3A%22DESCENDING%22%7D\" target=\"_blank\" rel=\"noreferrer noopener\">https:\/\/studio.youtube.com\/channel\/UCjg-Ky8avprKhWH0aWG8BSA\/videos\/upload?filter=%5B%5D&amp;sort=%7B%22columnType%22%3A%22date%22%2C%22sortOrder%22%3A%22DESCENDING%22%7D<\/a><\/p>\n\n\n\n<p><em><strong>Visiten nuestros Face book: <\/strong><\/em><a href=\"https:\/\/www.facebook.com\/JoeRivoltra\/\" target=\"_blank\" rel=\"noreferrer noopener\">https:\/\/www.facebook.com\/JoeRivoltra\/<\/a><\/p>\n\n\n\n<p>&#8230;&#8230;&#8230;&#8230;&#8230;&#8230;&#8230;&#8230;&#8230;&#8230;&#8230;&#8230;&#8230;&#8230;&#8230;..<a href=\"https:\/\/www.facebook.com\/JoeRivBay\/\" target=\"_blank\" rel=\"noreferrer noopener\">https:\/\/www.facebook.com\/JoeRivBay\/<\/a><\/p>\n\n\n\n<p><em><strong>Visiten nuestros Twitters:<\/strong><\/em> <a href=\"https:\/\/twitter.com\/guitarmusichow2\" target=\"_blank\" rel=\"noreferrer noopener\">https:\/\/twitter.com\/guitarmusichow2<\/a><\/p>\n\n\n\n<p><em><strong>Visiten nuestro primer sitio: <\/strong><\/em><a href=\"https:\/\/guitarandmusicsystemproductone.es.tl\" target=\"_blank\" rel=\"noreferrer noopener\">https:\/\/guitarandmusicsystemproductone.es.tl<\/a><\/p>\n\n\n\n<p><em><strong><mark style=\"background-color:rgba(0, 0, 0, 0)\" class=\"has-inline-color has-primary-color\">TERMINOS Y CONDICIONES:<\/mark><\/strong><\/em><\/p>\n\n\n\n<p><em>Email <strong><mark style=\"background-color:rgba(0, 0, 0, 0)\" class=\"has-inline-color has-orange-color\">GENERAL<\/mark><\/strong>:<\/em>&nbsp;&nbsp;&nbsp;&nbsp;&nbsp;&nbsp;&nbsp;&nbsp;&nbsp;&nbsp;&nbsp;&nbsp;&nbsp;&nbsp;&nbsp;&nbsp;&nbsp;&nbsp;&nbsp;&nbsp; &nbsp;&nbsp;&nbsp;&nbsp;&nbsp;&nbsp;&nbsp;&nbsp;&nbsp;&nbsp;&nbsp;&nbsp;&nbsp;&nbsp; <a href=\"mailto:info@comprasguitarramusicaymas.cloud\">info@comprasguitarramusicaymas.cloud<\/a><\/p>\n\n\n\n<p><em>Email CONTACTO\/<strong><mark style=\"background-color:rgba(0, 0, 0, 0)\" class=\"has-inline-color has-orange-color\">SOPORTE<\/mark><\/strong><\/em>:&nbsp;&nbsp; &nbsp;&nbsp;&nbsp;&nbsp;&nbsp;&nbsp;&nbsp;&nbsp;&nbsp;&nbsp;&nbsp;&nbsp;&nbsp;&nbsp; <a href=\"mailto:ayudaysoporte@comprasguitarramusicaymas.cloud\">ayudaysoporte@comprasguitarramusicaymas.cloud<\/a><\/p>\n\n\n\n<p><em>Dominio <strong><mark style=\"background-color:rgba(0, 0, 0, 0)\" class=\"has-inline-color has-orange-color\">Compa\u00f1\u00eda<\/mark><\/strong><\/em>:&nbsp;&nbsp;&nbsp;&nbsp;&nbsp;&nbsp;&nbsp;&nbsp;&nbsp;&nbsp;&nbsp;&nbsp;&nbsp;&nbsp;&nbsp;&nbsp; &nbsp;&nbsp;&nbsp;&nbsp;&nbsp;&nbsp;&nbsp;&nbsp;&nbsp;&nbsp;&nbsp;&nbsp;&nbsp;&nbsp; <a href=\"https:\/\/guitarandmusicsystemproductone.es.tl\">https:\/\/guitarandmusicsystemproductone.es.tl<\/a><\/p>\n\n\n\n<p><\/p>\n\n\n\n<p>\u00a1\u00a1<em><strong>Si\u00e9ntanse bi\u00e9n y agusto;<\/strong><\/em><\/p>\n\n\n\n<p><em><strong>XK est\u00e1n seguros y protejidos con nosotros <\/strong><\/em>en nuestro(S) sitio(S) Web!!<\/p>\n\n\n\n<p><em><strong>ESET mero <\/strong><\/em>nos proteje y<\/p>\n\n\n\n<p><em><strong>Y los proteje:<\/strong><\/em><\/p>\n\n\n\n<p><a href=\"https:\/\/www.eset.com\/mx\/\" target=\"_blank\" rel=\"noreferrer noopener\">https:\/\/www.eset.com\/mx\/<\/a> \u00a1\u00a1<em><strong>Pru\u00e9benlo<\/strong><\/em> y <em><strong>compru\u00e9benlo<\/strong><\/em>!! \u00a1\u00a1<em><strong>Pru\u00e9benlo <\/strong><\/em>y lo <em><strong>comprobar\u00e1n<\/strong><\/em>!!<\/p>\n\n\n\n<p><em><strong>A ESET mero: <\/strong><\/em><a href=\"https:\/\/www.eset.com\/mx\/\" target=\"_blank\" rel=\"noreferrer noopener\">https:\/\/www.eset.com\/mx\/<\/a><\/p>\n\n\n\n<p><\/p>\n","protected":false},"excerpt":{"rendered":"<p>EBook sin tanto rollo de: Principios musicales y t\u00e9cnicas del uni-requinto de guitarra con todos los recorridos de los tonos naturales mayores en el diapas\u00f3n de la guitarra. Pago seguro a travez de PayPal Esto es lo que obtienes con este libro electr\u00f3nico: ********* 28 p\u00e1ginas de principios de M\u00fasica y unos circuitos de Requintos [&hellip;]<\/p>\n","protected":false},"author":1,"featured_media":24,"parent":0,"menu_order":0,"comment_status":"closed","ping_status":"closed","template":"","meta":{"_seopress_robots_primary_cat":"","_seopress_titles_title":"","_seopress_titles_desc":"","_seopress_robots_index":"","_eb_attr":"","footnotes":""},"class_list":["post-19","page","type-page","status-publish","has-post-thumbnail","hentry"],"_links":{"self":[{"href":"https:\/\/comprasguitarramusicaymas.cloud\/index.php\/wp-json\/wp\/v2\/pages\/19","targetHints":{"allow":["GET"]}}],"collection":[{"href":"https:\/\/comprasguitarramusicaymas.cloud\/index.php\/wp-json\/wp\/v2\/pages"}],"about":[{"href":"https:\/\/comprasguitarramusicaymas.cloud\/index.php\/wp-json\/wp\/v2\/types\/page"}],"author":[{"embeddable":true,"href":"https:\/\/comprasguitarramusicaymas.cloud\/index.php\/wp-json\/wp\/v2\/users\/1"}],"replies":[{"embeddable":true,"href":"https:\/\/comprasguitarramusicaymas.cloud\/index.php\/wp-json\/wp\/v2\/comments?post=19"}],"version-history":[{"count":15,"href":"https:\/\/comprasguitarramusicaymas.cloud\/index.php\/wp-json\/wp\/v2\/pages\/19\/revisions"}],"predecessor-version":[{"id":1635,"href":"https:\/\/comprasguitarramusicaymas.cloud\/index.php\/wp-json\/wp\/v2\/pages\/19\/revisions\/1635"}],"wp:featuredmedia":[{"embeddable":true,"href":"https:\/\/comprasguitarramusicaymas.cloud\/index.php\/wp-json\/wp\/v2\/media\/24"}],"wp:attachment":[{"href":"https:\/\/comprasguitarramusicaymas.cloud\/index.php\/wp-json\/wp\/v2\/media?parent=19"}],"curies":[{"name":"wp","href":"https:\/\/api.w.org\/{rel}","templated":true}]}}