{"id":1144,"date":"2025-05-12T23:09:33","date_gmt":"2025-05-12T21:09:33","guid":{"rendered":"https:\/\/comprasguitarramusicaymas.cloud\/?page_id=1144"},"modified":"2025-05-13T00:20:56","modified_gmt":"2025-05-12T22:20:56","slug":"ramos-de-alcatraz-de-oro-alcatraz-del-amor","status":"publish","type":"page","link":"https:\/\/comprasguitarramusicaymas.cloud\/index.php\/ramos-de-alcatraz-de-oro-alcatraz-del-amor\/","title":{"rendered":"ramos de alcatr\u00e1z de amor y alcatr\u00e1z de oro; abrazo de alcatr\u00e1z;"},"content":{"rendered":"\n<figure class=\"wp-block-gallery has-nested-images columns-default is-cropped wp-block-gallery-1 is-layout-flex wp-block-gallery-is-layout-flex\">\n<figure class=\"wp-block-image size-large\"><img alt=\"\" loading=\"lazy\" decoding=\"async\" width=\"461\" height=\"1024\" data-id=\"1145\" src=\"https:\/\/comprasguitarramusicaymas.cloud\/wp-content\/uploads\/2025\/05\/1000029216-461x1024.jpg\" alt=\"\" class=\"wp-image-1145\" srcset=\"https:\/\/comprasguitarramusicaymas.cloud\/wp-content\/uploads\/2025\/05\/1000029216-461x1024.jpg 461w, https:\/\/comprasguitarramusicaymas.cloud\/wp-content\/uploads\/2025\/05\/1000029216-135x300.jpg 135w, https:\/\/comprasguitarramusicaymas.cloud\/wp-content\/uploads\/2025\/05\/1000029216-768x1707.jpg 768w, https:\/\/comprasguitarramusicaymas.cloud\/wp-content\/uploads\/2025\/05\/1000029216-691x1536.jpg 691w, https:\/\/comprasguitarramusicaymas.cloud\/wp-content\/uploads\/2025\/05\/1000029216-922x2048.jpg 922w, https:\/\/comprasguitarramusicaymas.cloud\/wp-content\/uploads\/2025\/05\/1000029216-scaled.jpg 1152w\" sizes=\"auto, (max-width: 461px) 100vw, 461px\" \/><\/figure>\n\n\n\n<figure class=\"wp-block-image size-large is-style-default\"><img alt=\"\" loading=\"lazy\" decoding=\"async\" width=\"461\" height=\"1024\" data-id=\"1155\" src=\"https:\/\/comprasguitarramusicaymas.cloud\/wp-content\/uploads\/2025\/05\/1000029215-1-461x1024.jpg\" alt=\"\" class=\"wp-image-1155\" srcset=\"https:\/\/comprasguitarramusicaymas.cloud\/wp-content\/uploads\/2025\/05\/1000029215-1-461x1024.jpg 461w, https:\/\/comprasguitarramusicaymas.cloud\/wp-content\/uploads\/2025\/05\/1000029215-1-135x300.jpg 135w, https:\/\/comprasguitarramusicaymas.cloud\/wp-content\/uploads\/2025\/05\/1000029215-1-768x1707.jpg 768w, https:\/\/comprasguitarramusicaymas.cloud\/wp-content\/uploads\/2025\/05\/1000029215-1-691x1536.jpg 691w, https:\/\/comprasguitarramusicaymas.cloud\/wp-content\/uploads\/2025\/05\/1000029215-1-922x2048.jpg 922w, https:\/\/comprasguitarramusicaymas.cloud\/wp-content\/uploads\/2025\/05\/1000029215-1-scaled.jpg 1152w\" sizes=\"auto, (max-width: 461px) 100vw, 461px\" \/><\/figure>\n\n\n\n<figure class=\"wp-block-image size-large\"><img alt=\"\" loading=\"lazy\" decoding=\"async\" width=\"461\" height=\"1024\" data-id=\"1148\" src=\"https:\/\/comprasguitarramusicaymas.cloud\/wp-content\/uploads\/2025\/05\/1000029215-461x1024.jpg\" alt=\"\" class=\"wp-image-1148\" srcset=\"https:\/\/comprasguitarramusicaymas.cloud\/wp-content\/uploads\/2025\/05\/1000029215-461x1024.jpg 461w, https:\/\/comprasguitarramusicaymas.cloud\/wp-content\/uploads\/2025\/05\/1000029215-135x300.jpg 135w, https:\/\/comprasguitarramusicaymas.cloud\/wp-content\/uploads\/2025\/05\/1000029215-768x1707.jpg 768w, https:\/\/comprasguitarramusicaymas.cloud\/wp-content\/uploads\/2025\/05\/1000029215-691x1536.jpg 691w, https:\/\/comprasguitarramusicaymas.cloud\/wp-content\/uploads\/2025\/05\/1000029215-922x2048.jpg 922w, https:\/\/comprasguitarramusicaymas.cloud\/wp-content\/uploads\/2025\/05\/1000029215-scaled.jpg 1152w\" sizes=\"auto, (max-width: 461px) 100vw, 461px\" \/><\/figure>\n\n\n\n<figure class=\"wp-block-image size-large\"><img alt=\"\" loading=\"lazy\" decoding=\"async\" width=\"461\" height=\"1024\" data-id=\"1149\" src=\"https:\/\/comprasguitarramusicaymas.cloud\/wp-content\/uploads\/2025\/05\/1000029214-461x1024.jpg\" alt=\"\" class=\"wp-image-1149\" srcset=\"https:\/\/comprasguitarramusicaymas.cloud\/wp-content\/uploads\/2025\/05\/1000029214-461x1024.jpg 461w, https:\/\/comprasguitarramusicaymas.cloud\/wp-content\/uploads\/2025\/05\/1000029214-135x300.jpg 135w, https:\/\/comprasguitarramusicaymas.cloud\/wp-content\/uploads\/2025\/05\/1000029214-768x1707.jpg 768w, https:\/\/comprasguitarramusicaymas.cloud\/wp-content\/uploads\/2025\/05\/1000029214-691x1536.jpg 691w, https:\/\/comprasguitarramusicaymas.cloud\/wp-content\/uploads\/2025\/05\/1000029214-922x2048.jpg 922w, https:\/\/comprasguitarramusicaymas.cloud\/wp-content\/uploads\/2025\/05\/1000029214-scaled.jpg 1152w\" sizes=\"auto, (max-width: 461px) 100vw, 461px\" \/><\/figure>\n\n\n\n<figure class=\"wp-block-image size-large\"><img alt=\"\" loading=\"lazy\" decoding=\"async\" width=\"461\" height=\"1024\" data-id=\"1152\" src=\"https:\/\/comprasguitarramusicaymas.cloud\/wp-content\/uploads\/2025\/05\/1000029213-461x1024.jpg\" alt=\"\" class=\"wp-image-1152\" srcset=\"https:\/\/comprasguitarramusicaymas.cloud\/wp-content\/uploads\/2025\/05\/1000029213-461x1024.jpg 461w, https:\/\/comprasguitarramusicaymas.cloud\/wp-content\/uploads\/2025\/05\/1000029213-135x300.jpg 135w, https:\/\/comprasguitarramusicaymas.cloud\/wp-content\/uploads\/2025\/05\/1000029213-768x1707.jpg 768w, https:\/\/comprasguitarramusicaymas.cloud\/wp-content\/uploads\/2025\/05\/1000029213-691x1536.jpg 691w, https:\/\/comprasguitarramusicaymas.cloud\/wp-content\/uploads\/2025\/05\/1000029213-922x2048.jpg 922w, https:\/\/comprasguitarramusicaymas.cloud\/wp-content\/uploads\/2025\/05\/1000029213-scaled.jpg 1152w\" sizes=\"auto, (max-width: 461px) 100vw, 461px\" \/><\/figure>\n\n\n\n<figure class=\"wp-block-image size-large\"><img alt=\"\" loading=\"lazy\" decoding=\"async\" width=\"461\" height=\"1024\" data-id=\"1151\" src=\"https:\/\/comprasguitarramusicaymas.cloud\/wp-content\/uploads\/2025\/05\/1000029212-1-461x1024.jpg\" alt=\"\" class=\"wp-image-1151\" srcset=\"https:\/\/comprasguitarramusicaymas.cloud\/wp-content\/uploads\/2025\/05\/1000029212-1-461x1024.jpg 461w, https:\/\/comprasguitarramusicaymas.cloud\/wp-content\/uploads\/2025\/05\/1000029212-1-135x300.jpg 135w, https:\/\/comprasguitarramusicaymas.cloud\/wp-content\/uploads\/2025\/05\/1000029212-1-768x1707.jpg 768w, https:\/\/comprasguitarramusicaymas.cloud\/wp-content\/uploads\/2025\/05\/1000029212-1-691x1536.jpg 691w, https:\/\/comprasguitarramusicaymas.cloud\/wp-content\/uploads\/2025\/05\/1000029212-1-922x2048.jpg 922w, https:\/\/comprasguitarramusicaymas.cloud\/wp-content\/uploads\/2025\/05\/1000029212-1-scaled.jpg 1152w\" sizes=\"auto, (max-width: 461px) 100vw, 461px\" \/><\/figure>\n\n\n\n<figure class=\"wp-block-image size-large\"><img alt=\"\" loading=\"lazy\" decoding=\"async\" width=\"461\" height=\"1024\" data-id=\"1150\" src=\"https:\/\/comprasguitarramusicaymas.cloud\/wp-content\/uploads\/2025\/05\/1000029211-461x1024.jpg\" alt=\"\" class=\"wp-image-1150\" srcset=\"https:\/\/comprasguitarramusicaymas.cloud\/wp-content\/uploads\/2025\/05\/1000029211-461x1024.jpg 461w, https:\/\/comprasguitarramusicaymas.cloud\/wp-content\/uploads\/2025\/05\/1000029211-135x300.jpg 135w, https:\/\/comprasguitarramusicaymas.cloud\/wp-content\/uploads\/2025\/05\/1000029211-768x1707.jpg 768w, https:\/\/comprasguitarramusicaymas.cloud\/wp-content\/uploads\/2025\/05\/1000029211-691x1536.jpg 691w, https:\/\/comprasguitarramusicaymas.cloud\/wp-content\/uploads\/2025\/05\/1000029211-922x2048.jpg 922w, https:\/\/comprasguitarramusicaymas.cloud\/wp-content\/uploads\/2025\/05\/1000029211-scaled.jpg 1152w\" sizes=\"auto, (max-width: 461px) 100vw, 461px\" \/><\/figure>\n<\/figure>\n\n\n\n<p><em><strong>Abrazo de alcatr\u00e1z de amor oro<\/strong><\/em>,<\/p>\n\n\n\n<p>Ramos de <em><strong>alcatraz de oro del amor<\/strong><\/em> de regalo para un <strong><em>florero digital <\/em><\/strong>en la desktop, PC \u00f3 el m\u00f3vil<\/p>\n","protected":false},"excerpt":{"rendered":"<p>Abrazo de alcatr\u00e1z de amor oro, Ramos de alcatraz de oro del amor de regalo para un florero digital en la desktop, PC \u00f3 el m\u00f3vil<\/p>\n","protected":false},"author":1,"featured_media":0,"parent":0,"menu_order":0,"comment_status":"closed","ping_status":"closed","template":"","meta":{"_seopress_robots_primary_cat":"","_seopress_titles_title":"","_seopress_titles_desc":"","_seopress_robots_index":"","_eb_attr":"","footnotes":""},"class_list":["post-1144","page","type-page","status-publish","hentry"],"_links":{"self":[{"href":"https:\/\/comprasguitarramusicaymas.cloud\/index.php\/wp-json\/wp\/v2\/pages\/1144","targetHints":{"allow":["GET"]}}],"collection":[{"href":"https:\/\/comprasguitarramusicaymas.cloud\/index.php\/wp-json\/wp\/v2\/pages"}],"about":[{"href":"https:\/\/comprasguitarramusicaymas.cloud\/index.php\/wp-json\/wp\/v2\/types\/page"}],"author":[{"embeddable":true,"href":"https:\/\/comprasguitarramusicaymas.cloud\/index.php\/wp-json\/wp\/v2\/users\/1"}],"replies":[{"embeddable":true,"href":"https:\/\/comprasguitarramusicaymas.cloud\/index.php\/wp-json\/wp\/v2\/comments?post=1144"}],"version-history":[{"count":3,"href":"https:\/\/comprasguitarramusicaymas.cloud\/index.php\/wp-json\/wp\/v2\/pages\/1144\/revisions"}],"predecessor-version":[{"id":1175,"href":"https:\/\/comprasguitarramusicaymas.cloud\/index.php\/wp-json\/wp\/v2\/pages\/1144\/revisions\/1175"}],"wp:attachment":[{"href":"https:\/\/comprasguitarramusicaymas.cloud\/index.php\/wp-json\/wp\/v2\/media?parent=1144"}],"curies":[{"name":"wp","href":"https:\/\/api.w.org\/{rel}","templated":true}]}}